{"id":2377,"date":"2022-08-12T13:59:18","date_gmt":"2022-08-12T11:59:18","guid":{"rendered":"https:\/\/www.vins-bergeracduras.fr\/?post_type=portfolio&#038;p=2377"},"modified":"2022-08-15T13:44:29","modified_gmt":"2022-08-15T11:44:29","slug":"aop-bergerac-rouge-3","status":"publish","type":"portfolio","link":"https:\/\/www.vins-bergeracduras.fr\/en\/portfolio\/aop-bergerac-rouge-3\/","title":{"rendered":"AOP C\u00f4tes de Bergerac rouge"},"content":{"rendered":"\n<p><strong>C\u00e9pages\u00a0: <\/strong>Merlot, Cabernet Sauvignon, Cabernet Franc, Malbec<\/p>\n\n\n\n<p><strong>Typicit\u00e9\u00a0:<\/strong> Issus des meilleurs terroirs, ces vins de garde d\u2019une couleur dense et profonde offrent un une complexit\u00e9 m\u00ealant avec harmonie un fruit tr\u00e8s pur et des notes de tabac blond, de cuir, de poivre et d\u2019\u00e9pices.<\/p>\n","protected":false},"excerpt":{"rendered":"<p>C\u00e9pages\u00a0: Merlot, Cabernet Sauvignon, Cabernet Franc, Malbec Typicit\u00e9\u00a0: Issus des meilleurs terroirs, ces vins de garde d\u2019une couleur dense et profonde offrent un une complexit\u00e9 m\u00ealant avec harmonie un fruit tr\u00e8s pur et des notes de tabac blond, de cuir, de poivre et d\u2019\u00e9pices.<\/p>\n","protected":false},"featured_media":1851,"comment_status":"open","ping_status":"closed","template":"","meta":{"_acf_changed":false,"_monsterinsights_skip_tracking":false,"_monsterinsights_sitenote_active":false,"_monsterinsights_sitenote_note":"","_monsterinsights_sitenote_category":0,"footnotes":""},"portfolio_cat":[12],"portfolio_skills":[],"class_list":["post-2377","portfolio","type-portfolio","status-publish","has-post-thumbnail","hentry","portfolio_cat-appellations"],"acf":[],"yoast_head":"<!-- This site is optimized with the Yoast SEO plugin v25.5 - https:\/\/yoast.com\/wordpress\/plugins\/seo\/ -->\n<title>AOP C\u00f4tes de Bergerac rouge - Vins de Bergerac et Duras<\/title>\n<meta name=\"robots\" content=\"index, follow, max-snippet:-1, max-image-preview:large, max-video-preview:-1\" \/>\n<link rel=\"canonical\" href=\"https:\/\/www.vins-bergeracduras.fr\/portfolio\/aop-bergerac-rouge-3\/\" \/>\n<meta property=\"og:locale\" content=\"en_US\" \/>\n<meta property=\"og:type\" content=\"article\" \/>\n<meta property=\"og:title\" content=\"AOP C\u00f4tes de Bergerac rouge - Vins de Bergerac et Duras\" \/>\n<meta property=\"og:description\" content=\"C\u00e9pages\u00a0: Merlot, Cabernet Sauvignon, Cabernet Franc, Malbec Typicit\u00e9\u00a0: Issus des meilleurs terroirs, ces vins de garde d\u2019une couleur dense et profonde offrent un une complexit\u00e9 m\u00ealant avec harmonie un fruit tr\u00e8s pur et des notes de tabac blond, de cuir, de poivre et d\u2019\u00e9pices.\" \/>\n<meta property=\"og:url\" content=\"https:\/\/www.vins-bergeracduras.fr\/portfolio\/aop-bergerac-rouge-3\/\" \/>\n<meta property=\"og:site_name\" content=\"Vins de Bergerac et Duras\" \/>\n<meta property=\"article:modified_time\" content=\"2022-08-15T11:44:29+00:00\" \/>\n<meta property=\"og:image\" content=\"https:\/\/www.vins-bergeracduras.fr\/wp-content\/uploads\/2022\/06\/Chateau-Michel-de-Montaigne.jpg\" \/>\n\t<meta property=\"og:image:width\" content=\"657\" \/>\n\t<meta property=\"og:image:height\" content=\"494\" \/>\n\t<meta property=\"og:image:type\" content=\"image\/jpeg\" \/>\n<meta name=\"twitter:card\" content=\"summary_large_image\" \/>\n<meta name=\"twitter:label1\" content=\"Est. reading time\" \/>\n\t<meta name=\"twitter:data1\" content=\"1 minute\" \/>\n<script type=\"application\/ld+json\" class=\"yoast-schema-graph\">{\"@context\":\"https:\/\/schema.org\",\"@graph\":[{\"@type\":\"WebPage\",\"@id\":\"https:\/\/www.vins-bergeracduras.fr\/portfolio\/aop-bergerac-rouge-3\/\",\"url\":\"https:\/\/www.vins-bergeracduras.fr\/portfolio\/aop-bergerac-rouge-3\/\",\"name\":\"AOP C\u00f4tes de Bergerac rouge - Vins de Bergerac et Duras\",\"isPartOf\":{\"@id\":\"https:\/\/www.vins-bergeracduras.fr\/#website\"},\"primaryImageOfPage\":{\"@id\":\"https:\/\/www.vins-bergeracduras.fr\/portfolio\/aop-bergerac-rouge-3\/#primaryimage\"},\"image\":{\"@id\":\"https:\/\/www.vins-bergeracduras.fr\/portfolio\/aop-bergerac-rouge-3\/#primaryimage\"},\"thumbnailUrl\":\"https:\/\/www.vins-bergeracduras.fr\/wp-content\/uploads\/2022\/06\/Chateau-Michel-de-Montaigne.jpg\",\"datePublished\":\"2022-08-12T11:59:18+00:00\",\"dateModified\":\"2022-08-15T11:44:29+00:00\",\"breadcrumb\":{\"@id\":\"https:\/\/www.vins-bergeracduras.fr\/portfolio\/aop-bergerac-rouge-3\/#breadcrumb\"},\"inLanguage\":\"en-US\",\"potentialAction\":[{\"@type\":\"ReadAction\",\"target\":[\"https:\/\/www.vins-bergeracduras.fr\/portfolio\/aop-bergerac-rouge-3\/\"]}]},{\"@type\":\"ImageObject\",\"inLanguage\":\"en-US\",\"@id\":\"https:\/\/www.vins-bergeracduras.fr\/portfolio\/aop-bergerac-rouge-3\/#primaryimage\",\"url\":\"https:\/\/www.vins-bergeracduras.fr\/wp-content\/uploads\/2022\/06\/Chateau-Michel-de-Montaigne.jpg\",\"contentUrl\":\"https:\/\/www.vins-bergeracduras.fr\/wp-content\/uploads\/2022\/06\/Chateau-Michel-de-Montaigne.jpg\",\"width\":657,\"height\":494},{\"@type\":\"BreadcrumbList\",\"@id\":\"https:\/\/www.vins-bergeracduras.fr\/portfolio\/aop-bergerac-rouge-3\/#breadcrumb\",\"itemListElement\":[{\"@type\":\"ListItem\",\"position\":1,\"name\":\"Accueil\",\"item\":\"https:\/\/www.vins-bergeracduras.fr\/en\/home\/\"},{\"@type\":\"ListItem\",\"position\":2,\"name\":\"Portefeuilles\",\"item\":\"https:\/\/www.vins-bergeracduras.fr\/portfolio\/\"},{\"@type\":\"ListItem\",\"position\":3,\"name\":\"AOP C\u00f4tes de Bergerac rouge\"}]},{\"@type\":\"WebSite\",\"@id\":\"https:\/\/www.vins-bergeracduras.fr\/#website\",\"url\":\"https:\/\/www.vins-bergeracduras.fr\/\",\"name\":\"Vins de Bergerac et Duras\",\"description\":\"\",\"potentialAction\":[{\"@type\":\"SearchAction\",\"target\":{\"@type\":\"EntryPoint\",\"urlTemplate\":\"https:\/\/www.vins-bergeracduras.fr\/?s={search_term_string}\"},\"query-input\":{\"@type\":\"PropertyValueSpecification\",\"valueRequired\":true,\"valueName\":\"search_term_string\"}}],\"inLanguage\":\"en-US\"}]}<\/script>\n<!-- \/ Yoast SEO plugin. -->","yoast_head_json":{"title":"AOP C\u00f4tes de Bergerac rouge - Vins de Bergerac et Duras","robots":{"index":"index","follow":"follow","max-snippet":"max-snippet:-1","max-image-preview":"max-image-preview:large","max-video-preview":"max-video-preview:-1"},"canonical":"https:\/\/www.vins-bergeracduras.fr\/portfolio\/aop-bergerac-rouge-3\/","og_locale":"en_US","og_type":"article","og_title":"AOP C\u00f4tes de Bergerac rouge - Vins de Bergerac et Duras","og_description":"C\u00e9pages\u00a0: Merlot, Cabernet Sauvignon, Cabernet Franc, Malbec Typicit\u00e9\u00a0: Issus des meilleurs terroirs, ces vins de garde d\u2019une couleur dense et profonde offrent un une complexit\u00e9 m\u00ealant avec harmonie un fruit tr\u00e8s pur et des notes de tabac blond, de cuir, de poivre et d\u2019\u00e9pices.","og_url":"https:\/\/www.vins-bergeracduras.fr\/portfolio\/aop-bergerac-rouge-3\/","og_site_name":"Vins de Bergerac et Duras","article_modified_time":"2022-08-15T11:44:29+00:00","og_image":[{"width":657,"height":494,"url":"https:\/\/www.vins-bergeracduras.fr\/wp-content\/uploads\/2022\/06\/Chateau-Michel-de-Montaigne.jpg","type":"image\/jpeg"}],"twitter_card":"summary_large_image","twitter_misc":{"Est. reading time":"1 minute"},"schema":{"@context":"https:\/\/schema.org","@graph":[{"@type":"WebPage","@id":"https:\/\/www.vins-bergeracduras.fr\/portfolio\/aop-bergerac-rouge-3\/","url":"https:\/\/www.vins-bergeracduras.fr\/portfolio\/aop-bergerac-rouge-3\/","name":"AOP C\u00f4tes de Bergerac rouge - Vins de Bergerac et Duras","isPartOf":{"@id":"https:\/\/www.vins-bergeracduras.fr\/#website"},"primaryImageOfPage":{"@id":"https:\/\/www.vins-bergeracduras.fr\/portfolio\/aop-bergerac-rouge-3\/#primaryimage"},"image":{"@id":"https:\/\/www.vins-bergeracduras.fr\/portfolio\/aop-bergerac-rouge-3\/#primaryimage"},"thumbnailUrl":"https:\/\/www.vins-bergeracduras.fr\/wp-content\/uploads\/2022\/06\/Chateau-Michel-de-Montaigne.jpg","datePublished":"2022-08-12T11:59:18+00:00","dateModified":"2022-08-15T11:44:29+00:00","breadcrumb":{"@id":"https:\/\/www.vins-bergeracduras.fr\/portfolio\/aop-bergerac-rouge-3\/#breadcrumb"},"inLanguage":"en-US","potentialAction":[{"@type":"ReadAction","target":["https:\/\/www.vins-bergeracduras.fr\/portfolio\/aop-bergerac-rouge-3\/"]}]},{"@type":"ImageObject","inLanguage":"en-US","@id":"https:\/\/www.vins-bergeracduras.fr\/portfolio\/aop-bergerac-rouge-3\/#primaryimage","url":"https:\/\/www.vins-bergeracduras.fr\/wp-content\/uploads\/2022\/06\/Chateau-Michel-de-Montaigne.jpg","contentUrl":"https:\/\/www.vins-bergeracduras.fr\/wp-content\/uploads\/2022\/06\/Chateau-Michel-de-Montaigne.jpg","width":657,"height":494},{"@type":"BreadcrumbList","@id":"https:\/\/www.vins-bergeracduras.fr\/portfolio\/aop-bergerac-rouge-3\/#breadcrumb","itemListElement":[{"@type":"ListItem","position":1,"name":"Accueil","item":"https:\/\/www.vins-bergeracduras.fr\/en\/home\/"},{"@type":"ListItem","position":2,"name":"Portefeuilles","item":"https:\/\/www.vins-bergeracduras.fr\/portfolio\/"},{"@type":"ListItem","position":3,"name":"AOP C\u00f4tes de Bergerac rouge"}]},{"@type":"WebSite","@id":"https:\/\/www.vins-bergeracduras.fr\/#website","url":"https:\/\/www.vins-bergeracduras.fr\/","name":"Vins de Bergerac et Duras","description":"","potentialAction":[{"@type":"SearchAction","target":{"@type":"EntryPoint","urlTemplate":"https:\/\/www.vins-bergeracduras.fr\/?s={search_term_string}"},"query-input":{"@type":"PropertyValueSpecification","valueRequired":true,"valueName":"search_term_string"}}],"inLanguage":"en-US"}]}},"_links":{"self":[{"href":"https:\/\/www.vins-bergeracduras.fr\/en\/wp-json\/wp\/v2\/portfolio\/2377","targetHints":{"allow":["GET"]}}],"collection":[{"href":"https:\/\/www.vins-bergeracduras.fr\/en\/wp-json\/wp\/v2\/portfolio"}],"about":[{"href":"https:\/\/www.vins-bergeracduras.fr\/en\/wp-json\/wp\/v2\/types\/portfolio"}],"replies":[{"embeddable":true,"href":"https:\/\/www.vins-bergeracduras.fr\/en\/wp-json\/wp\/v2\/comments?post=2377"}],"version-history":[{"count":0,"href":"https:\/\/www.vins-bergeracduras.fr\/en\/wp-json\/wp\/v2\/portfolio\/2377\/revisions"}],"wp:featuredmedia":[{"embeddable":true,"href":"https:\/\/www.vins-bergeracduras.fr\/en\/wp-json\/wp\/v2\/media\/1851"}],"wp:attachment":[{"href":"https:\/\/www.vins-bergeracduras.fr\/en\/wp-json\/wp\/v2\/media?parent=2377"}],"wp:term":[{"taxonomy":"portfolio_cat","embeddable":true,"href":"https:\/\/www.vins-bergeracduras.fr\/en\/wp-json\/wp\/v2\/portfolio_cat?post=2377"},{"taxonomy":"portfolio_skills","embeddable":true,"href":"https:\/\/www.vins-bergeracduras.fr\/en\/wp-json\/wp\/v2\/portfolio_skills?post=2377"}],"curies":[{"name":"wp","href":"https:\/\/api.w.org\/{rel}","templated":true}]}}

AOP Côtes de Bergerac rouge

<p><strong>Cépages : </strong>Merlot, Cabernet Sauvignon, Cabernet Franc, Malbec</p>



<p><strong>Typicité :</strong> Issus des meilleurs terroirs, ces vins de garde d’une couleur dense et profonde offrent un une complexité mêlant avec harmonie un fruit très pur et des notes de tabac blond, de cuir, de poivre et d’épices.</p>

<p>Cépages : Merlot, Cabernet Sauvignon, Cabernet Franc, Malbec Typicité : Issus des meilleurs terroirs, ces vins de garde d’une couleur dense et profonde offrent un une complexité mêlant avec harmonie un fruit très pur et des notes de tabac blond, de cuir, de poivre et d’épices.</p>

<!-- This site is optimized with the Yoast SEO plugin v25.5 - https://yoast.com/wordpress/plugins/seo/ -->
<title>AOP Côtes de Bergerac rouge - Vins de Bergerac et Duras</title>
<meta name="robots" content="index, follow, max-snippet:-1, max-image-preview:large, max-video-preview:-1" />
<link rel="canonical" href="https://www.vins-bergeracduras.fr/portfolio/aop-bergerac-rouge-3/" />
<meta property="og:locale" content="en_US" />
<meta property="og:type" content="article" />
<meta property="og:title" content="AOP Côtes de Bergerac rouge - Vins de Bergerac et Duras" />
<meta property="og:description" content="Cépages : Merlot, Cabernet Sauvignon, Cabernet Franc, Malbec Typicité : Issus des meilleurs terroirs, ces vins de garde d’une couleur dense et profonde offrent un une complexité mêlant avec harmonie un fruit très pur et des notes de tabac blond, de cuir, de poivre et d’épices." />
<meta property="og:url" content="https://www.vins-bergeracduras.fr/portfolio/aop-bergerac-rouge-3/" />
<meta property="og:site_name" content="Vins de Bergerac et Duras" />
<meta property="article:modified_time" content="2022-08-15T11:44:29+00:00" />
<meta property="og:image" content="https://www.vins-bergeracduras.fr/wp-content/uploads/2022/06/Chateau-Michel-de-Montaigne.jpg" />
	<meta property="og:image:width" content="657" />
	<meta property="og:image:height" content="494" />
	<meta property="og:image:type" content="image/jpeg" />
<meta name="twitter:card" content="summary_large_image" />
<meta name="twitter:label1" content="Est. reading time" />
	<meta name="twitter:data1" content="1 minute" />
<script type="application/ld+json" class="yoast-schema-graph">{"@context":"https://schema.org","@graph":[{"@type":"WebPage","@id":"https://www.vins-bergeracduras.fr/portfolio/aop-bergerac-rouge-3/","url":"https://www.vins-bergeracduras.fr/portfolio/aop-bergerac-rouge-3/","name":"AOP Côtes de Bergerac rouge - Vins de Bergerac et Duras","isPartOf":{"@id":"https://www.vins-bergeracduras.fr/#website"},"primaryImageOfPage":{"@id":"https://www.vins-bergeracduras.fr/portfolio/aop-bergerac-rouge-3/#primaryimage"},"image":{"@id":"https://www.vins-bergeracduras.fr/portfolio/aop-bergerac-rouge-3/#primaryimage"},"thumbnailUrl":"https://www.vins-bergeracduras.fr/wp-content/uploads/2022/06/Chateau-Michel-de-Montaigne.jpg","datePublished":"2022-08-12T11:59:18+00:00","dateModified":"2022-08-15T11:44:29+00:00","breadcrumb":{"@id":"https://www.vins-bergeracduras.fr/portfolio/aop-bergerac-rouge-3/#breadcrumb"},"inLanguage":"en-US","potentialAction":[{"@type":"ReadAction","target":["https://www.vins-bergeracduras.fr/portfolio/aop-bergerac-rouge-3/"]}]},{"@type":"ImageObject","inLanguage":"en-US","@id":"https://www.vins-bergeracduras.fr/portfolio/aop-bergerac-rouge-3/#primaryimage","url":"https://www.vins-bergeracduras.fr/wp-content/uploads/2022/06/Chateau-Michel-de-Montaigne.jpg","contentUrl":"https://www.vins-bergeracduras.fr/wp-content/uploads/2022/06/Chateau-Michel-de-Montaigne.jpg","width":657,"height":494},{"@type":"BreadcrumbList","@id":"https://www.vins-bergeracduras.fr/portfolio/aop-bergerac-rouge-3/#breadcrumb","itemListElement":[{"@type":"ListItem","position":1,"name":"Accueil","item":"https://www.vins-bergeracduras.fr/en/home/"},{"@type":"ListItem","position":2,"name":"Portefeuilles","item":"https://www.vins-bergeracduras.fr/portfolio/"},{"@type":"ListItem","position":3,"name":"AOP Côtes de Bergerac rouge"}]},{"@type":"WebSite","@id":"https://www.vins-bergeracduras.fr/#website","url":"https://www.vins-bergeracduras.fr/","name":"Vins de Bergerac et Duras","description":"","potentialAction":[{"@type":"SearchAction","target":{"@type":"EntryPoint","urlTemplate":"https://www.vins-bergeracduras.fr/?s={search_term_string}"},"query-input":{"@type":"PropertyValueSpecification","valueRequired":true,"valueName":"search_term_string"}}],"inLanguage":"en-US"}]}</script>
<!-- / Yoast SEO plugin. -->

AOP Côtes de Bergerac rouge - Vins de Bergerac et Duras

Cépages : Merlot, Cabernet Sauvignon, Cabernet Franc, Malbec Typicité : Issus des meilleurs terroirs, ces vins de garde d’une couleur dense et profonde offrent un une complexité mêlant avec harmonie un fruit très pur et des notes de tabac blond, de cuir, de poivre et d’épices.
